 = c + 4*c + 5*i - 45, 0 = -5*i. Let j be (-2)/4 - c/(-2). Is 37520/64 + 3/j a composite number?
False
Suppose 14482 - 5059 = 3*o + 3*l, o - 5*l - 3153 = 0. Suppose 0 = 3*p - 2*h - o, p + 4*h - 57 = 1000. Is p a composite number?
False
Suppose 38*k - 32*k - 1806 = 0. Is k composite?
True
Let w(i) = 891*i**2 - 4*i + 2. Is w(-5) a composite number?
True
Let f = 22212 - 15793. Suppose -3*v + f - 2318 = 0. Is v prime?
True
Suppose 39282 = i + 5*i. Is i composite?
False
Let d(f) = f**2 - 5*f + 3. Let a be d(4). Is (20/5 + -11)*a a composite number?
False
Suppose 5*l + 9215 = 5*d, l - 2070 = -d - 227. Is d composite?
True
Let y(k) = k + 26. Let r be y(-18). Suppose 65 = r*j - 23. Is j composite?
False
Is (2 + 9)/((-2)/(-26)) composite?
True
Let m(u) = -u**2 - 8*u - 3. Let l be -1 + -2 - (3 - 1). Let h be m(l). Suppose 2*j + 0 - h = 0. Is j a prime number?
False
Is (-112054140)/(-828) + 4/(-46) prime?
False
Let c = 94 + -142. Is ((-1696)/c)/((-4)/(-138)) composite?
True
Let d be ((-4)/18)/((-13)/117). Suppose -d*o + 1802 = q, 2*q + 2703 = 3*o - 0*q. Is o a prime number?
False
Let y = 45 + -101. Let g = y - -31. Is 2412/15 + (-5)/g a composite number?
True
Let r(k) = -5*k - 8. Suppose -3*y + 4*y - f = -11, 2*y + 7 = -f. Is r(y) composite?
True
Suppose 5*x + 373 + 957 = 0. Let k = x - -461. Suppose 0 = -0*s + 3*s - k. Is s a prime number?
False
Suppose -4*c + 76 = -y, y = 2*c - 3*y - 24. Let s = 8 - c. Is (-4)/(-3)*(-18)/s prime?
True
Let d = 5149 - 7861. Let t = 3827 + d. Is t a composite number?
True
Let y(o) = 18*o**2 + 6*o + 3. Let r be y(6). Let j = r + -478. Let s = 2 + j. Is s prime?
True
Suppose -155 = 5*n - 45. Let v = -13 - n. Let j = v - -6. Is j composite?
True
Let x = 1 + 1. Let l(v) = -80 - 12*v**2 + 52*v**2 + 28*v**x - 2*v + 81. Is l(1) a composite number?
False
Suppose 0 = 4*f + 4*l - 18831 + 647, 0 = 3*f - 3*l - 13638. Suppose 5*r = 8499 + f. Is r composite?
False
Let d(j) = j**2 + 3*j - 15. Let a be d(-6). Suppose -i - 1434 = -3*p + 3744, -p = -a*i - 1718. Is p a composite number?
True
Let g = 14472 + -7651. Is g a composite number?
True
Let i(v) = 3 + 3*v**2 + 49*v - 4 - 30*v - 22*v. Is i(-16) prime?
False
Is (-2)/(-10) - (4 - (-75936)/(-20)) prime?
True
Suppose 17*s + 2412 = 19*s. Suppose 0 = -3*c - 5*m + s, 3*m - 799 = -2*c - 2*m. Is c composite?
True
Let c(f) = 3*f**3 + 4*f**2 - 13*f - 3. Let n be c(-5). Let x = n + 356. Is x a composite number?
True
Let p = 173 + 120. Is p composite?
False
Suppose -l = -5*f + 121590, 21*f - 5*l - 48659 = 19*f. Is f a composite number?
False
Let t = 5197 + -3068. Is t composite?
False
Let z(t) = -t**3 - t**2 - 128. Let l be z(0). Let i = 1971 - l. Is i prime?
True
Let h = -983 - -589. Let t = 1613 + h. Is t prime?
False
Suppose 20691 = 41*o - 150976. Is o composite?
True
Suppose 13*b + 17824 = 29*b. Is b a composite number?
True
Is ((114525/10)/15)/((-3)/(-14)) composite?
True
Suppose h - 3194 = 2*r + 1417, 3*r = -5*h + 23042. Is h composite?
True
Suppose 5*d + 74825 = 5*h, -5*d = -65 + 85. Is h composite?
True
Let v(z) be the first derivative of z**4/4 - 14*z**3/3 + 15*z**2/2 - 6*z + 8. Let r be v(13). Suppose -r = 5*w - 95. Is w composite?
True
Suppose -6*y + 9*y - 15 = 0. Suppose -n + u = -u - 125, -2*n + y*u + 250 = 0. Suppose -2*a + 7*a = n. Is a prime?
False
Let u be 5/(90/4) - (-16)/(-72). Suppose u = -3*h - 2*o + 31, 3 - 4 = -h - 3*o. Is h prime?
True
Let j = 15051 + -8866. Is j a composite number?
True
Suppose -3*u + 5*o = -65, 5*u - 55 = -7*o + 2*o. Suppose 0 = 3*s - 23 - 1. Let w = s + u. Is w composite?
False
Let w = 15657 + -1036. Is w composite?
False
Suppose 15415 = 6*f - 251. Is f a composite number?
True
Suppose -3*j = j - 396. Let z(a) = 5 - j*a - 1 - 159*a - 3. Is z(-1) a composite number?
True
Let n(r) = -138*r**3 + r**2 + 10*r - 5. Let t(j) = 137*j**3 - j**2 - 9*j + 5. Let s(m) = 6*n(m) + 7*t(m). Is s(2) prime?
False
Let t(a) = -3*a**2 - a + 1847. Suppose 4*j - r + 4 = 1, r - 3 = j. Is t(j) prime?
True
Let q = 95 + -67. Suppose -2*d + 41 = 2*n - 15, n - q = 5*d. Suppose -2*t + 0*t + n = 0. Is t a composite number?
True
Let i = 32344 + -15849. Is i composite?
True
Suppose 2*v + 2*v = 0. Suppose v*h - 4*h = 0. Let w = h - -83. Is w a prime number?
True
Let k = 71 - 45. Let d = k + -23. Suppose 2*r + 1332 = 4*h + 276, -d*r = -2*h + 532. Is h prime?
True
Let z = 8 + -6. Let s be z*(-3)/12*740. Is 2/(-2*2/s) prime?
False
Let y = 294 + 7535. Is y prime?
True
Let y(q) = 5*q**2 + 4*q + 3. Let r be y(-2). Suppose o + 4*o - r = 0. Suppose 2*x - 1499 = -o*f, 0*x + 2505 = 5*f + 2*x. Is f prime?
True
Let y = 1045 - -490. Is y a prime number?
False
Let m be (5814/(-24))/(6/(-16)). Is 1/(1/3) + m a composite number?
True
Let m(q) = 7466*q - 431. Is m(15) prime?
False
Suppose -4*a = 235 - 1875. Suppose 0 = 21*q - 19*q - a. Is q a composite number?
True
Suppose -23*v + 8790 = -8*v. Is v a prime number?
False
Suppose -3*j - 4 + 10 = 0. Let b = -873 + 1429. Suppose -b = -2*m - j*m. Is m a composite number?
False
Let v = -844 + 2885. Is v a prime number?
False
Let b(i) = -1 + 3*i - 2*i + 48*i**2 + i. Let r(y) = -y**3 - 21*y**2 - 21*y - 22. Let w be r(-20). Is b(w) composite?
True
Let v(r) = -6178*r - 213. Is v(-4) a prime number?
True
Suppose 4*o - 20 = 4*y, -y - 4*o - 5 = 10. Let j(h) = 5*h**2 + 4*h - 5. Let s be j(y). Let t = s - 9. Is t a prime number?
False
Let r = 26 - 23. Suppose -402 = r*x + 6*j - 2*j, -x + j - 134 = 0. Let k = 371 + x. Is k prime?
False
Let d(m) = -24*m - 25. Let f(w) = 12*w + 13. Let z(x) = -4*d(x) - 9*f(x). Is z(-12) prime?
True
Let b be (-2)/(2*1/(-5)). Suppose -632 = -b*s + 903. Is s a prime number?
True
Let t be ((-6)/2)/(1/4*-6). Suppose t*b + 2*b - 1788 = 0. Is b a composite number?
True
Let m = -16681 + 95552. Is m composite?
True
Let p be ((-48)/(-42))/((-2)/(-7)). Let w(g) = 6*g**2 - 4*g - 3. Is w(p) composite?
True
Let d be (-4)/8*12/8*-332. Let b = d - 122. Is b a composite number?
False
Suppose -185 = -2*g - 55. Suppose -18 + 27 = 3*l. Suppose -g = -l*x - 2. Is x a composite number?
True
Suppose -t + 404 = -2*p, 0 = 2*t + 2*t - 4*p - 1596. Let h = t - -865. Is h a composite number?
False
Let y be -8 - (-6)/4*4/3. Let v(n) = -4*n**3 - 5*n**2 - 7*n - 8. Is v(y) a composite number?
True
Let u(s) = -2*s**2 - s - 1. Let k be u(2). Let f = k + 80. Is f a prime number?
False
Let f = -3305 + -1831. Let b = 8897 + f. Is b prime?
True
Suppose 4*n = -3*o + 20, -2*n + 2*o - 12 = -2*o. Suppose 3 + 11 = -n*v. Let a(m) = m**3 + 10*m**2 + 9*m + 5. Is a(v) a prime number?
True
Suppose -3*k - 6*o + 2973 = -10*o, 2*o = -k + 991. Is k prime?
True
Let d(l) = -2*l**2 + 1 - 2 - 8*l + 10*l**2. Let r be ((-6)/(-1) - 5) + 21/(-3). Is d(r) a composite number?
True
Let a(o) = 18*o**3 - 6*o**2 + 16*o - 51. Is a(5) prime?
True
Let t = 10 - 15. Let u(b) = 60*b**2 - 9*b - 2. Is u(t) composite?
False
Suppose 2*f = -5*v + 47973, 10*f + 28791 = 3*v + 13*f. Is v composite?
True
Suppose -o - 2612 = -2*m, -3*o + 2*m - 10418 = o. Let a = o + 3815. Is a prime?
True
Let d = -3 - -5. Suppose 2*j = 2*v - 66, -d*j - j - 161 = -5*v. Is v composite?
False
Suppose 4*u - 27 = 3*u. Let m = 32 - u. Suppose 3*g = 5*t - 644, 0*t - 3*t + m*g + 396 = 0. Is t a composite number?
False
Suppose -4*d - 9 = -7*d. Suppose 0*t = x + t - 319, -d*x = 5*t - 957. Is x a composite number?
True
Suppose -m - 205243 = -4*v - 48900, -v = -m - 39088. Is v a composite number?
True
Let o(u) = -23*u + 1. Let f(b) = b**2 + 12*b + 5. Let m be f(-11). Is o(m) a composite number?
False
Suppose 3*d + 34 + 5 = 3*j, -2*j = -5*d - 38. Is 6/j + 433/3 a composite number?
True
Let l = -11 + 15. Let u(p) = 2*p - 5 - l + 2 - 16*p. Is u(-3) a prime number?
False
Let o = -5 + 5. Suppose o = -5*w + 3*w + 92. Suppose 217 = 4*x - q, -4*x = 5*q - w - 141. Is x composite?
False
Let n(j) = -j**2 - 11*j - 4. Let v be n(-11). Let c be v/(-4) - 2 - -11. Is 48/5 + (-6)/c a prime number?
False
Let i(a) = a**2 - 2. Let c be i(-2). Suppose c*b + 0*b - 18 = 0. Is b/(-3) + (118 - 2) composite?
False
Let t be 20*(-3 + 15/4). Suppose t*u = 13*u + 98. Let j = u + -28. Is j a composite number?
True
Let m be 124/(-3)*(-66)/4. Suppose 0 = b + h - m, -3*b = b + 5*h - 2733. Is b a composite number?
False
Let z be (4/10)/((-5)/(-700)). Suppose 0 = -3*l + z + 694. S